{"id":482,"date":"2024-06-02T14:38:17","date_gmt":"2024-06-02T12:38:17","guid":{"rendered":"https:\/\/layenhof-ateliers.de\/?page_id=482"},"modified":"2026-04-18T19:35:03","modified_gmt":"2026-04-18T17:35:03","slug":"kunst-am-layenhof","status":"publish","type":"page","link":"https:\/\/layenhof-ateliers.de\/","title":{"rendered":"Kunst am Layenhof"},"content":{"rendered":"\n<figure class=\"wp-block-image size-full\"><img loading=\"lazy\" decoding=\"async\" width=\"550\" height=\"550\" src=\"https:\/\/layenhof-ateliers.de\/wp-content\/uploads\/2025\/03\/Layenhof_Heide.jpg\" alt=\"\" class=\"wp-image-925\" srcset=\"https:\/\/layenhof-ateliers.de\/wp-content\/uploads\/2025\/03\/Layenhof_Heide.jpg 550w, https:\/\/layenhof-ateliers.de\/wp-content\/uploads\/2025\/03\/Layenhof_Heide-300x300.jpg 300w, https:\/\/layenhof-ateliers.de\/wp-content\/uploads\/2025\/03\/Layenhof_Heide-150x150.jpg 150w\" sizes=\"auto, (max-width: 550px) 100vw, 550px\" \/><\/figure>\n\n\n\n<p>(\u00a9 <a href=\"https:\/\/layenhof-ateliers.de\/index.php\/die-kreativen\/heide-stoll\/\" data-type=\"page\" data-id=\"62\" target=\"_blank\" rel=\"noreferrer noopener\">Heide Stoll<\/a>)<\/p>\n\n\n\n<div style=\"height:30px\" aria-hidden=\"true\" class=\"wp-block-spacer\"><\/div>\n\n\n\n<p style=\"line-height:1.5\">Die inspirierende Atmosph\u00e4re des Mainzer Layenhofes zwischen Abbruchh\u00e4usern, Flughafen, alten Milit\u00e4rgeb\u00e4uden und Streuobstwiesen zieht viele Kreative in ihren Bann. Kaum verwunderlich, dass dort \u00fcber drei\u00dfig K\u00fcnstler und K\u00fcnstlerinnen in ehemaligen Truppenunterk\u00fcnften ihre Ateliers und Werkst\u00e4tten haben.<br><\/p>\n\n\n\n<div style=\"height:63px\" aria-hidden=\"true\" class=\"wp-block-spacer\"><\/div>\n\n\n\n<div style=\"height:91px\" aria-hidden=\"true\" class=\"wp-block-spacer\"><\/div>\n\n\n\n<p class=\"has-medium-font-size\" style=\"line-height:1.6\"><strong>Die n\u00e4chsten Termine<\/strong>:<\/p>\n\n\n\n<p class=\"has-medium-font-size\" style=\"line-height:1.6\">Tag der Offenen Ateliers Rheinland-Pfalz, 12.\/13. September 2026<br>Layenhof Open, 13.\/14. M\u00e4rz 2027<\/p>\n\n\n\n<div style=\"height:50px\" aria-hidden=\"true\" class=\"wp-block-spacer\"><\/div>\n\n\n\n<p>55126 Mainz Layenhof<br>Geb\u00e4ude 5879, 5881 und 5801<\/p>\n\n\n\n<p><\/p>\n","protected":false},"excerpt":{"rendered":"<p>(\u00a9 Heide Stoll) Die inspirierende Atmosph\u00e4re des Mainzer Layenhofes zwischen Abbruchh\u00e4usern, Flughafen, alten Milit\u00e4rgeb\u00e4uden und Streuobstwiesen zieht viele Kreative in ihren Bann. Kaum verwunderlich, dass dort \u00fcber drei\u00dfig K\u00fcnstler und K\u00fcnstlerinnen in ehemaligen Truppenunterk\u00fcnften ihre Ateliers und Werkst\u00e4tten haben. Die n\u00e4chsten Termine: Tag der Offenen Ateliers Rheinland-Pfalz, 12.\/13. September 2026Layenhof Open, 13.\/14. M\u00e4rz 2027 55126 [&hellip;]<\/p>\n","protected":false},"author":1,"featured_media":0,"parent":0,"menu_order":12,"comment_status":"closed","ping_status":"open","template":"","meta":{"footnotes":""},"class_list":["post-482","page","type-page","status-publish","hentry"],"_links":{"self":[{"href":"https:\/\/layenhof-ateliers.de\/index.php\/wp-json\/wp\/v2\/pages\/482","targetHints":{"allow":["GET"]}}],"collection":[{"href":"https:\/\/layenhof-ateliers.de\/index.php\/wp-json\/wp\/v2\/pages"}],"about":[{"href":"https:\/\/layenhof-ateliers.de\/index.php\/wp-json\/wp\/v2\/types\/page"}],"author":[{"embeddable":true,"href":"https:\/\/layenhof-ateliers.de\/index.php\/wp-json\/wp\/v2\/users\/1"}],"replies":[{"embeddable":true,"href":"https:\/\/layenhof-ateliers.de\/index.php\/wp-json\/wp\/v2\/comments?post=482"}],"version-history":[{"count":31,"href":"https:\/\/layenhof-ateliers.de\/index.php\/wp-json\/wp\/v2\/pages\/482\/revisions"}],"predecessor-version":[{"id":1093,"href":"https:\/\/layenhof-ateliers.de\/index.php\/wp-json\/wp\/v2\/pages\/482\/revisions\/1093"}],"wp:attachment":[{"href":"https:\/\/layenhof-ateliers.de\/index.php\/wp-json\/wp\/v2\/media?parent=482"}],"curies":[{"name":"wp","href":"https:\/\/api.w.org\/{rel}","templated":true}]}}

<figure class="wp-block-image size-full"><img loading="lazy" decoding="async" width="550" height="550" src="https://layenhof-ateliers.de/wp-content/uploads/2025/03/Layenhof_Heide.jpg" alt="" class="wp-image-925" srcset="https://layenhof-ateliers.de/wp-content/uploads/2025/03/Layenhof_Heide.jpg 550w, https://layenhof-ateliers.de/wp-content/uploads/2025/03/Layenhof_Heide-300x300.jpg 300w, https://layenhof-ateliers.de/wp-content/uploads/2025/03/Layenhof_Heide-150x150.jpg 150w" sizes="auto, (max-width: 550px) 100vw, 550px" /></figure>



<p>(© <a href="https://layenhof-ateliers.de/index.php/die-kreativen/heide-stoll/" data-type="page" data-id="62" target="_blank" rel="noreferrer noopener">Heide Stoll</a>)</p>



<div style="height:30px" aria-hidden="true" class="wp-block-spacer"></div>



<p style="line-height:1.5">Die inspirierende Atmosphäre des Mainzer Layenhofes zwischen Abbruchhäusern, Flughafen, alten Militärgebäuden und Streuobstwiesen zieht viele Kreative in ihren Bann. Kaum verwunderlich, dass dort über dreißig Künstler und Künstlerinnen in ehemaligen Truppenunterkünften ihre Ateliers und Werkstätten haben.<br></p>



<div style="height:63px" aria-hidden="true" class="wp-block-spacer"></div>



<div style="height:91px" aria-hidden="true" class="wp-block-spacer"></div>



<p class="has-medium-font-size" style="line-height:1.6"><strong>Die nächsten Termine</strong>:</p>



<p class="has-medium-font-size" style="line-height:1.6">Tag der Offenen Ateliers Rheinland-Pfalz, 12./13. September 2026<br>Layenhof Open, 13./14. März 2027</p>



<div style="height:50px" aria-hidden="true" class="wp-block-spacer"></div>



<p>55126 Mainz Layenhof<br>Gebäude 5879, 5881 und 5801</p>



<p></p>

<p>(© Heide Stoll) Die inspirierende Atmosphäre des Mainzer Layenhofes zwischen Abbruchhäusern, Flughafen, alten Militärgebäuden und Streuobstwiesen zieht viele Kreative in ihren Bann. Kaum verwunderlich, dass dort über dreißig Künstler und Künstlerinnen in ehemaligen Truppenunterkünften ihre Ateliers und Werkstätten haben. Die nächsten Termine: Tag der Offenen Ateliers Rheinland-Pfalz, 12./13. September 2026Layenhof Open, 13./14. März 2027 55126 [&hellip;]</p>
